{"id":8,"date":"2024-11-10T07:49:07","date_gmt":"2024-11-10T07:49:07","guid":{"rendered":"https:\/\/www.elrefugiodeperla.es\/?page_id=8"},"modified":"2025-11-26T10:08:01","modified_gmt":"2025-11-26T10:08:01","slug":"inicio","status":"publish","type":"page","link":"https:\/\/www.elrefugiodeperla.es\/","title":{"rendered":"Inicio"},"content":{"rendered":"\n<div class=\"wp-block-cover alignfull\" style=\"min-height:639px;aspect-ratio:unset;\"><span aria-hidden=\"true\" class=\"wp-block-cover__background has-background-dim-100 has-background-dim has-background-gradient has-very-light-gray-to-cyan-bluish-gray-gradient-background\"><\/span><div class=\"wp-block-cover__inner-container is-layout-flow wp-block-cover-is-layout-flow\">\n<div class=\"inherit-container-width wp-block-group alignwide is-layout-constrained wp-block-group-is-layout-constrained\">\n<div class=\"wp-block-media-text alignwide has-media-on-the-right is-stacked-on-mobile is-vertically-aligned-center has-ast-global-color-5-color has-ast-global-color-2-background-color has-text-color has-background has-link-color wp-elements-d36b07c64fea8a88505a65c3a3aa490f\" style=\"grid-template-columns:auto 61%\"><div class=\"wp-block-media-text__content\">\n<h1 class=\"wp-block-heading has-text-align-left has-ast-global-color-5-color has-text-color\">El refugio de Perla<\/h1>\n\n\n\n<p>Santuario vegano de rescate y protecci\u00f3n de animales de todas las especies.<\/p>\n\n\n\n<div class=\"wp-block-buttons is-layout-flex wp-block-buttons-is-layout-flex\">\n<div class=\"wp-block-button\"><a class=\"wp-block-button__link wp-element-button\" href=\"https:\/\/maps.app.goo.gl\/FoFJ4n338Svsihoa7\">Ven a conocernos<\/a><\/div>\n<\/div>\n<\/div><figure class=\"wp-block-media-text__media\"><video controls src=\"http:\/\/www.elrefugiodeperla.es\/wp-content\/uploads\/2025\/09\/Video-ayuda-refugio-de-perla.mp4\"><\/video><\/figure><\/div>\n<\/div>\n<\/div><\/div>\n\n\n\n<div class=\"wp-block-media-text is-stacked-on-mobile is-vertically-aligned-center\" style=\"grid-template-columns:62% auto\"><figure class=\"wp-block-media-text__media\"><img decoding=\"async\" src=\"https:\/\/www.elrefugiodeperla.es\/wp-content\/uploads\/2025\/10\/Donate-and-volunteer-canva-1024x819.png\" alt=\"\" class=\"wp-image-296 size-full\"\/><\/figure><div class=\"wp-block-media-text__content\">\n<p class=\"has-text-align-center\"><strong>C\u00f3mo ayudar al Refugio de Perla<br><\/strong>Tu apoyo es esencial para seguir cuidando y rescatando vidas. Puedes colaborar de varias formas:<\/p>\n\n\n\n<p><strong>\ud83d\udc3e Grupo Coral<\/strong><br>Donaci\u00f3n mensual a trav\u00e9s de nuestra <a href=\"https:\/\/coral.to\/asociacion-protectora-de-animales-el-refugio-de-perla\" data-type=\"link\" data-id=\"https:\/\/coral.to\/asociacion-protectora-de-animales-el-refugio-de-perla\">causa en Grupo Coral<\/a>. Tu ayuda se destina directamente a alimentaci\u00f3n, medicaci\u00f3n y cuidados veterinarios.<\/p>\n\n\n\n<div class=\"wp-block-buttons is-content-justification-center is-layout-flex wp-container-core-buttons-is-layout-a89b3969 wp-block-buttons-is-layout-flex\">\n<div class=\"wp-block-button\"><a class=\"wp-block-button__link has-text-align-center wp-element-button\" href=\"https:\/\/coral.to\/asociacion-protectora-de-animales-el-refugio-de-perla\">SER PARTE DEL SANTUARIO<\/a><\/div>\n<\/div>\n\n\n\n<p><strong>\ud83d\udc9a Teaming<\/strong><br>Aporta <strong>1 \u20ac al mes<\/strong> uni\u00e9ndote a nuestro grupo en <a href=\"https:\/\/www.teaming.net\/elrefugiodeperla\" data-type=\"link\" data-id=\"https:\/\/www.teaming.net\/elrefugiodeperla\">Teaming<\/a>. Cada euro suma para mejorar la vida de los animales del refugio.<\/p>\n\n\n\n<div class=\"wp-block-buttons is-content-justification-center is-layout-flex wp-container-core-buttons-is-layout-a89b3969 wp-block-buttons-is-layout-flex\">\n<div class=\"wp-block-button\"><a class=\"wp-block-button__link wp-element-button\" href=\"https:\/\/www.teaming.net\/elrefugiodeperla\">DONAR 1 EUR<\/a><\/div>\n<\/div>\n\n\n\n<p><strong>\ud83c\udf31 Voluntariado<\/strong><br>\u00danete a nuestro equipo de voluntariado. Ayuda con limpieza, paseos, alimentaci\u00f3n, rescates o difusi\u00f3n. No se necesita experiencia, solo compromiso y amor por los animales. Escr\u00edbeme por DM en Instagram para agendar tu visita.<\/p>\n\n\n\n<div class=\"wp-block-buttons is-content-justification-center is-layout-flex wp-container-core-buttons-is-layout-a89b3969 wp-block-buttons-is-layout-flex\">\n<div class=\"wp-block-button\"><a class=\"wp-block-button__link wp-element-button\" href=\"https:\/\/www.elrefugiodeperla.es\/?page_id=192\">\u00a1QUIERO VISITAR!<\/a><\/div>\n<\/div>\n<\/div><\/div>\n\n\n\n<div class=\"wp-block-group alignfull has-ast-global-color-2-background-color has-background is-layout-constrained wp-container-core-group-is-layout-9cedb757 wp-block-group-is-layout-constrained\" style=\"padding-bottom:0px\">\n<div class=\"wp-block-columns are-vertically-aligned-top is-layout-flex wp-container-core-columns-is-layout-00723822 wp-block-columns-is-layout-flex\">\n<div class=\"wp-block-column is-vertically-aligned-top is-layout-flow wp-container-core-column-is-layout-6b73ce23 wp-block-column-is-layout-flow\">\n<figure class=\"wp-block-image aligncenter size-full\"><img decoding=\"async\" src=\"https:\/\/www.elrefugiodeperla.es\/wp-content\/uploads\/2025\/10\/3.png\" alt=\"\" class=\"wp-image-288\"\/><\/figure>\n\n\n\n<h3 class=\"wp-block-heading has-text-align-center\" style=\"margin-top:16px\"><a href=\"https:\/\/www.elrefugiodeperla.es\/?page_id=185\" data-type=\"page\" data-id=\"185\">Nuestra historia<\/a><\/h3>\n<\/div>\n\n\n\n<div class=\"wp-block-column is-vertically-aligned-top is-layout-flow wp-container-core-column-is-layout-6b73ce23 wp-block-column-is-layout-flow\">\n<figure class=\"wp-block-image aligncenter size-full\"><img decoding=\"async\" src=\"https:\/\/www.elrefugiodeperla.es\/wp-content\/uploads\/2025\/10\/4.png\" alt=\"\" class=\"wp-image-289\"\/><\/figure>\n\n\n\n<h3 class=\"wp-block-heading has-text-align-center\" style=\"margin-top:16px\"><a href=\"https:\/\/www.elrefugiodeperla.es\/?page_id=187\" data-type=\"page\" data-id=\"187\">Merchandising<\/a><\/h3>\n<\/div>\n\n\n\n<div class=\"wp-block-column is-vertically-aligned-top is-layout-flow wp-container-core-column-is-layout-6b73ce23 wp-block-column-is-layout-flow\">\n<figure class=\"wp-block-image aligncenter size-full\"><img decoding=\"async\" src=\"https:\/\/www.elrefugiodeperla.es\/wp-content\/uploads\/2025\/10\/2.png\" alt=\"\" class=\"wp-image-290\"\/><\/figure>\n\n\n\n<h3 class=\"wp-block-heading has-text-align-center\" style=\"margin-top:16px\"><a href=\"https:\/\/www.elrefugiodeperla.es\/?page_id=190\" data-type=\"page\" data-id=\"190\">Animales<\/a><\/h3>\n<\/div>\n\n\n\n<div class=\"wp-block-column is-vertically-aligned-top is-layout-flow wp-container-core-column-is-layout-6b73ce23 wp-block-column-is-layout-flow\">\n<figure class=\"wp-block-image aligncenter size-full\"><img decoding=\"async\" src=\"https:\/\/www.elrefugiodeperla.es\/wp-content\/uploads\/2025\/10\/1-1.png\" alt=\"\" class=\"wp-image-291\"\/><\/figure>\n\n\n\n<h3 class=\"wp-block-heading has-text-align-center\" style=\"margin-top:16px\"><a href=\"https:\/\/www.elrefugiodeperla.es\/?page_id=192\" data-type=\"page\" data-id=\"192\">Voluntariado<\/a><\/h3>\n<\/div>\n<\/div>\n<\/div>\n\n\n\n<div class=\"wp-block-group alignfull has-ast-global-color-3-background-color has-background is-layout-constrained wp-container-core-group-is-layout-45b0ac4f wp-block-group-is-layout-constrained\" id=\"services\" style=\"padding-top:144px;padding-bottom:0px\">\n<h2 class=\"wp-block-heading has-text-align-center has-ast-global-color-5-color has-text-color has-link-color wp-elements-18c63d9fbf65298e22117db8002ad452\">Nuestro trabajo<\/h2>\n\n\n\n<div class=\"wp-block-columns is-layout-flex wp-container-core-columns-is-layout-60cbf9bb wp-block-columns-is-layout-flex\" style=\"margin-top:50px\">\n<div class=\"wp-block-column is-layout-flow wp-container-core-column-is-layout-6b73ce23 wp-block-column-is-layout-flow\">\n<figure class=\"wp-block-image size-full\"><img fetchpriority=\"high\" decoding=\"async\" width=\"495\" height=\"879\" src=\"http:\/\/www.elrefugiodeperla.es\/wp-content\/uploads\/2025\/09\/20250428_121937.jpg\" alt=\"\" class=\"wp-image-120\" srcset=\"https:\/\/www.elrefugiodeperla.es\/wp-content\/uploads\/2025\/09\/20250428_121937.jpg 495w, https:\/\/www.elrefugiodeperla.es\/wp-content\/uploads\/2025\/09\/20250428_121937-169x300.jpg 169w\" sizes=\"(max-width: 495px) 100vw, 495px\" \/><\/figure>\n\n\n\n<h3 class=\"wp-block-heading has-ast-global-color-5-color has-text-color has-link-color wp-elements-8fb0adbe41358233eef5a69de2f402f1\" style=\"margin-top:16px\">Rescate<\/h3>\n\n\n\n<p class=\"has-ast-global-color-5-color has-text-color has-link-color wp-elements-69859b6b519bfece189f139141895501\">En el refugio trabajamos d\u00eda y noche para rescatar animales en situaci\u00f3n de abandono o peligro. <\/p>\n<\/div>\n\n\n\n<div class=\"wp-block-column is-layout-flow wp-container-core-column-is-layout-6b73ce23 wp-block-column-is-layout-flow\">\n<figure class=\"wp-block-image size-full\"><img decoding=\"async\" width=\"495\" height=\"879\" src=\"http:\/\/www.elrefugiodeperla.es\/wp-content\/uploads\/2025\/09\/20250722_140336.jpg\" alt=\"\" class=\"wp-image-141\" srcset=\"https:\/\/www.elrefugiodeperla.es\/wp-content\/uploads\/2025\/09\/20250722_140336.jpg 495w, https:\/\/www.elrefugiodeperla.es\/wp-content\/uploads\/2025\/09\/20250722_140336-169x300.jpg 169w\" sizes=\"(max-width: 495px) 100vw, 495px\" \/><\/figure>\n\n\n\n<h3 class=\"wp-block-heading has-ast-global-color-5-color has-text-color has-link-color wp-elements-108ccc4b352354c0690de2682a13189d\" style=\"margin-top:16px\">Reinserci\u00f3n<\/h3>\n\n\n\n<p class=\"has-ast-global-color-5-color has-text-color has-link-color wp-elements-36702a200b4ffdbfa478767498132477\">Nuestro sue\u00f1o es que, cuando sea posible, encuentren familias adoptivas responsables o vivan libres dentro del santuario, sin miedo ni dolor.<\/p>\n<\/div>\n\n\n\n<div class=\"wp-block-column is-layout-flow wp-container-core-column-is-layout-6b73ce23 wp-block-column-is-layout-flow\">\n<figure class=\"wp-block-image size-full\"><img decoding=\"async\" width=\"495\" height=\"879\" src=\"http:\/\/www.elrefugiodeperla.es\/wp-content\/uploads\/2025\/09\/20250227_134841.jpg\" alt=\"\" class=\"wp-image-82\" srcset=\"https:\/\/www.elrefugiodeperla.es\/wp-content\/uploads\/2025\/09\/20250227_134841.jpg 495w, https:\/\/www.elrefugiodeperla.es\/wp-content\/uploads\/2025\/09\/20250227_134841-169x300.jpg 169w\" sizes=\"(max-width: 495px) 100vw, 495px\" \/><\/figure>\n\n\n\n<h3 class=\"wp-block-heading has-ast-global-color-5-color has-text-color has-link-color wp-elements-b9bc245067839ceec0092c3e503f1825\" style=\"margin-top:16px\">Protecci\u00f3n<\/h3>\n\n\n\n<p class=\"has-ast-global-color-5-color has-text-color has-link-color wp-elements-c4d59c65fe24da834cb836b545be42f5\">Les damos atenci\u00f3n veterinaria, alimentaci\u00f3n, cuidados emocionales y un espacio seguro para sanar. <\/p>\n<\/div>\n<\/div>\n<\/div>\n\n\n\n<div class=\"wp-block-group alignfull has-ast-global-color-5-color has-white-background-color has-text-color has-background has-link-color wp-elements-03146f9c48de48b7ecb28dbb510e94d3 is-layout-constrained wp-container-core-group-is-layout-94d206d0 wp-block-group-is-layout-constrained\" id=\"about\" style=\"padding-top:143px;padding-bottom:144px\">\n<div class=\"wp-block-media-text has-media-on-the-right is-stacked-on-mobile is-vertically-aligned-center\"><div class=\"wp-block-media-text__content\">\n<div class=\"inherit-container-width wp-block-group is-layout-constrained wp-container-core-group-is-layout-47ce07ec wp-block-group-is-layout-constrained\" style=\"padding-right:80px\">\n<h2 class=\"wp-block-heading has-text-align-center has-ast-global-color-5-color has-text-color has-link-color wp-elements-5f14733be83cf59c5e639bde045c3fef\" style=\"padding-right:40px\">Misi\u00f3n<\/h2>\n\n\n\n<p>Intervenir desde una \u00e9tica del cuidado y la compasi\u00f3n, actuando ante el sufrimiento animal<br>a trav\u00e9s del rescate, la protecci\u00f3n y el acompa\u00f1amiento. Buscamos reparar, en la medida de<br>lo posible, las huellas del abandono, el maltrato y la negligencia, devolviendo dignidad y<br>calidad de vida a cada ser sintiente. <\/p>\n\n\n\n<p>Apostamos por una transformaci\u00f3n social desde el<br>respeto hacia todos los animales y desde la participaci\u00f3n activa de la comunidad.<\/p>\n<\/div>\n<\/div><figure class=\"wp-block-media-text__media\"><img loading=\"lazy\" decoding=\"async\" width=\"1024\" height=\"577\" src=\"http:\/\/www.elrefugiodeperla.es\/wp-content\/uploads\/2025\/09\/20240827_174657-1024x577.jpg\" alt=\"\" class=\"wp-image-33 size-full\" srcset=\"https:\/\/www.elrefugiodeperla.es\/wp-content\/uploads\/2025\/09\/20240827_174657-1024x577.jpg 1024w, https:\/\/www.elrefugiodeperla.es\/wp-content\/uploads\/2025\/09\/20240827_174657-300x169.jpg 300w, https:\/\/www.elrefugiodeperla.es\/wp-content\/uploads\/2025\/09\/20240827_174657-768x432.jpg 768w, https:\/\/www.elrefugiodeperla.es\/wp-content\/uploads\/2025\/09\/20240827_174657-1536x865.jpg 1536w, https:\/\/www.elrefugiodeperla.es\/wp-content\/uploads\/2025\/09\/20240827_174657.jpg 1561w\" sizes=\"(max-width: 1024px) 100vw, 1024px\" \/><\/figure><\/div>\n<\/div>\n\n\n\n<div class=\"wp-block-group alignfull has-vivid-cyan-blue-color has-ast-global-color-2-background-color has-text-color has-background has-link-color wp-elements-3efeb419b7ba3e22dc4ce418ad85d879 is-layout-constrained wp-container-core-group-is-layout-6a2cfb7b wp-block-group-is-layout-constrained\" id=\"reviews\">\n<figure class=\"wp-block-image aligncenter size-full\"><img decoding=\"async\" src=\"https:\/\/www.elrefugiodeperla.es\/wp-content\/uploads\/2025\/09\/Diseno-sin-titulo-1.png\" alt=\"\" class=\"wp-image-174\"\/><\/figure>\n\n\n\n<p class=\"has-text-align-center\" style=\"font-size:31px;line-height:1.6\">\u201cNadie dijo que hacer realidad un sue\u00f1o era f\u00e1cil\u201d<\/p>\n\n\n\n<p class=\"has-text-align-center has-medium-font-size\"><strong>Cristina Llanos<\/strong><\/p>\n<\/div>\n\n\n\n<div class=\"wp-block-group alignfull has-ast-global-color-1-color has-ast-global-color-2-background-color has-text-color has-background has-link-color wp-elements-84eaa02161e084ae98ec4d45f5312f8b is-layout-constrained wp-container-core-group-is-layout-3fee123f wp-block-group-is-layout-constrained\" id=\"whyus\" style=\"padding-top:144px;padding-bottom:144px\">\n<h2 class=\"wp-block-heading\">Preguntas Frecuentes (Q&amp;A)<\/h2>\n\n\n\n<div class=\"wp-block-columns is-layout-flex wp-container-core-columns-is-layout-29aadeec wp-block-columns-is-layout-flex\" style=\"margin-top:60px\">\n<div class=\"wp-block-column is-layout-flow wp-container-core-column-is-layout-6b73ce23 wp-block-column-is-layout-flow\">\n<p><strong>1. \u00bfPuedo dejar un animal en el refugio si ya no puedo cuidarlo?<\/strong><br><mark style=\"background-color:rgba(0, 0, 0, 0)\" class=\"has-inline-color has-ast-global-color-5-color\">No. No acogemos animales \u201csolo porque s\u00ed\u201d. Los animales que llegan al refugio deben cumplir requisitos b\u00e1sicos: estar identificados con chip, esterilizados, vacunados y con un compromiso econ\u00f3mico mensual para su manutenci\u00f3n. Esto solo en casos excepcionales.<\/mark><\/p>\n\n\n\n<p><strong>2. \u00bfAceptan todo tipo de animales?<\/strong><br><mark style=\"background-color:rgba(0, 0, 0, 0)\" class=\"has-inline-color has-ast-global-color-5-color\">Actualmente no. No somos n\u00facleo zool\u00f3gico y nuestros espacios son limitados. Todos los lugares para animales de granja ya est\u00e1n ocupados.<\/mark> <mark style=\"background-color:rgba(0, 0, 0, 0)\" class=\"has-inline-color has-ast-global-color-5-color\">No somos centro de acogida. Animamos a las personas que se dedican a rescatar animales en la calle a que tomen la responsabilidad y custodia total en sus manos antes de intentar abandonar a los animales en una protectora.<\/mark><\/p>\n\n\n\n<p><strong>3. \u00bfQu\u00e9 tipo de animales viven en el refugio?<\/strong><br><mark style=\"background-color:rgba(0, 0, 0, 0)\" class=\"has-inline-color has-ast-global-color-5-color\">Principalmente cerdos, cabras, perros y gatos, adem\u00e1s de algunos animales mal llamados de granja en recintos grandes y adaptados a sus necesidades. Cada animal no humano tiene su historia y ha llegado a nuestras manos con mucho cuidado siguiendo todas las legislaciones pertinentes para su acogida.<\/mark><\/p>\n\n\n\n<p><strong>4. \u00bfLos perros y gatos tienen alguna enfermedad?<\/strong><br><mark style=\"background-color:rgba(0, 0, 0, 0)\" class=\"has-inline-color has-ast-global-color-5-color\">S\u00ed. Los perros del refugio tienen leishmania, y los gatos viven con sida y leucemia felina. Por eso, solo pueden convivir con familias que comprendan sus necesidades y cuidados.<\/mark><\/p>\n\n\n\n<p><strong>5. \u00bfLos animales viven en jaulas?<\/strong><br><mark style=\"background-color:rgba(0, 0, 0, 0)\" class=\"has-inline-color has-ast-global-color-5-color\">No. Los perros y gatos viven en libertad dentro del refugio, siempre y cuando sean animales sociales. Los animales de granja habitan recintos amplios y adecuados para su bienestar.<\/mark><\/p>\n\n\n\n<p><strong>6. \u00bfPuedo adoptar un animal del refugio?<\/strong><br><mark style=\"background-color:rgba(0, 0, 0, 0)\" class=\"has-inline-color has-ast-global-color-5-color\">S\u00ed, pero solo si garantizamos que ir\u00e1 a un lugar seguro y apto para sus condiciones. Nos importa m\u00e1s su bienestar que la rapidez de la adopci\u00f3n.<\/mark><\/p>\n\n\n\n<p><strong>7. \u00bfQu\u00e9 requisitos piden para adoptar?<\/strong><br><mark style=\"background-color:rgba(0, 0, 0, 0)\" class=\"has-inline-color has-ast-global-color-5-color\">Analizamos el espacio, el tiempo y los recursos que tendr\u00e1 el animal en su nuevo hogar. Adem\u00e1s, necesitamos la seguridad de que la familia adoptante entiende y acepta las condiciones de salud de nuestros animales.<\/mark> <\/p>\n\n\n\n<p><strong>8. \u00bfC\u00f3mo puedo ser voluntario\/a?<\/strong><br><mark style=\"background-color:rgba(0, 0, 0, 0)\" class=\"has-inline-color has-ast-global-color-5-color\">Antes de la primera visita, pedimos hacer una videollamada para conocernos y explicar el funcionamiento del refugio. Toda la informaci\u00f3n est\u00e1 disponible en el apartado \u201cVoluntariado\u201d de nuestra web.<\/mark><\/p>\n\n\n\n<p><strong>9. \u00bfQu\u00e9 pasa si quiero ayudar pero no puedo adoptar o ser voluntario\/a?<\/strong><br><mark style=\"background-color:rgba(0, 0, 0, 0)\" class=\"has-inline-color has-ast-global-color-5-color\">Puedes colaborar con aportaciones econ\u00f3micas para la manutenci\u00f3n de los animales o difundir nuestro trabajo en redes sociales. Cada gesto cuenta.<\/mark><\/p>\n\n\n\n<p><strong>10. \u00bfCu\u00e1l es la filosof\u00eda del refugio?<\/strong><br><mark style=\"background-color:rgba(0, 0, 0, 0)\" class=\"has-inline-color has-ast-global-color-5-color\">Dar una vida digna a cada animal, con respeto y cuidados espec\u00edficos. No buscamos cantidad, sino calidad de vida.<\/mark><\/p>\n<\/div>\n<\/div>\n<\/div>\n\n\n\n<div class=\"wp-block-media-text is-stacked-on-mobile\" style=\"grid-template-columns:32% auto\"><figure class=\"wp-block-media-text__media\"><video controls src=\"https:\/\/www.elrefugiodeperla.es\/wp-content\/uploads\/2025\/10\/Final-de-la-web-con-Turu-1.mp4\"><\/video><\/figure><div class=\"wp-block-media-text__content\">\n<p class=\"has-text-align-center has-ast-global-color-5-color has-text-color has-link-color has-medium-font-size wp-elements-d34a32bce690b954c96e7bed90c512c9\">\u2b50 \u200b<strong>Valores que promovemos en El Refugio de Perla<\/strong><\/p>\n\n\n\n<p>\u200b\ud83d\udc49 \u200b<strong>Respeto<\/strong> a toda forma de vida.<\/p>\n\n\n\n<p>\u200b\ud83d\udc49\u200b <strong>Compasi\u00f3n<\/strong> hacia quienes han sufrido.<\/p>\n\n\n\n<p>\u200b\ud83d\udc49\u200b <strong>Responsabilidad<\/strong> en el cuidado diario.<\/p>\n\n\n\n<p>\u200b\ud83d\udc49\u200b <strong>Coherencia<\/strong> con una \u00e9tica vegana que rechaza la explotaci\u00f3n animal.<\/p>\n\n\n\n<p>\u200b\ud83d\udc49\u200b <strong>Esperanza<\/strong> en que la transformaci\u00f3n empieza con peque\u00f1as acciones.<\/p>\n<\/div><\/div>\n\n\n\n<p><\/p>\n","protected":false},"excerpt":{"rendered":"<p>Nuestra historia Merchandising Animales Voluntariado Nuestro trabajo Rescate En el refugio trabajamos d\u00eda y noche para rescatar animales en situaci\u00f3n [&hellip;]<\/p>\n","protected":false},"author":1,"featured_media":165,"parent":0,"menu_order":0,"comment_status":"closed","ping_status":"closed","template":"elementor_theme","meta":{"site-sidebar-layout":"no-sidebar","site-content-layout":"plain-container","ast-site-content-layout":"default","site-content-style":"default","site-sidebar-style":"default","ast-global-header-display":"","ast-banner-title-visibility":"","ast-main-header-display":"","ast-hfb-above-header-display":"","ast-hfb-below-header-display":"","ast-hfb-mobile-header-display":"","site-post-title":"","ast-breadcrumbs-content":"","ast-featured-img":"","footer-sml-layout":"","ast-disable-related-posts":"","theme-transparent-header-meta":"enabled","adv-header-id-meta":"","stick-header-meta":"","header-above-stick-meta":"","header-main-stick-meta":"","header-below-stick-meta":"","astra-migrate-meta-layouts":"default","ast-page-background-enabled":"default","ast-page-background-meta":{"desktop":{"background-color":"var(--ast-global-color-4)","background-image":"","background-repeat":"repeat","background-position":"center center","background-size":"auto","background-attachment":"scroll","background-type":"","background-media":"","overlay-type":"","overlay-color":"","overlay-opacity":"","overlay-gradient":""},"tablet":{"background-color":"","background-image":"","background-repeat":"repeat","background-position":"center center","background-size":"auto","background-attachment":"scroll","background-type":"","background-media":"","overlay-type":"","overlay-color":"","overlay-opacity":"","overlay-gradient":""},"mobile":{"background-color":"","background-image":"","background-repeat":"repeat","background-position":"center center","background-size":"auto","background-attachment":"scroll","background-type":"","background-media":"","overlay-type":"","overlay-color":"","overlay-opacity":"","overlay-gradient":""}},"ast-content-background-meta":{"desktop":{"background-color":"var(--ast-global-color-5)","background-image":"","background-repeat":"repeat","background-position":"center center","background-size":"auto","background-attachment":"scroll","background-type":"","background-media":"","overlay-type":"","overlay-color":"","overlay-opacity":"","overlay-gradient":""},"tablet":{"background-color":"var(--ast-global-color-5)","background-image":"","background-repeat":"repeat","background-position":"center center","background-size":"auto","background-attachment":"scroll","background-type":"","background-media":"","overlay-type":"","overlay-color":"","overlay-opacity":"","overlay-gradient":""},"mobile":{"background-color":"var(--ast-global-color-5)","background-image":"","background-repeat":"repeat","background-position":"center center","background-size":"auto","background-attachment":"scroll","background-type":"","background-media":"","overlay-type":"","overlay-color":"","overlay-opacity":"","overlay-gradient":""}},"footnotes":""},"class_list":["post-8","page","type-page","status-publish","has-post-thumbnail","hentry"],"_links":{"self":[{"href":"https:\/\/www.elrefugiodeperla.es\/index.php?rest_route=\/wp\/v2\/pages\/8","targetHints":{"allow":["GET"]}}],"collection":[{"href":"https:\/\/www.elrefugiodeperla.es\/index.php?rest_route=\/wp\/v2\/pages"}],"about":[{"href":"https:\/\/www.elrefugiodeperla.es\/index.php?rest_route=\/wp\/v2\/types\/page"}],"author":[{"embeddable":true,"href":"https:\/\/www.elrefugiodeperla.es\/index.php?rest_route=\/wp\/v2\/users\/1"}],"replies":[{"embeddable":true,"href":"https:\/\/www.elrefugiodeperla.es\/index.php?rest_route=%2Fwp%2Fv2%2Fcomments&post=8"}],"version-history":[{"count":28,"href":"https:\/\/www.elrefugiodeperla.es\/index.php?rest_route=\/wp\/v2\/pages\/8\/revisions"}],"predecessor-version":[{"id":329,"href":"https:\/\/www.elrefugiodeperla.es\/index.php?rest_route=\/wp\/v2\/pages\/8\/revisions\/329"}],"wp:featuredmedia":[{"embeddable":true,"href":"https:\/\/www.elrefugiodeperla.es\/index.php?rest_route=\/wp\/v2\/media\/165"}],"wp:attachment":[{"href":"https:\/\/www.elrefugiodeperla.es\/index.php?rest_route=%2Fwp%2Fv2%2Fmedia&parent=8"}],"curies":[{"name":"wp","href":"https:\/\/api.w.org\/{rel}","templated":true}]}}